?
24
Calculate the remainder when 14389 is divided by 14219.
170
Calculate the remainder when 12091 is divided by 1343.
4
What is the remainder when 39305 is divided by 339?
320
What is the remainder when 6297 is divided by 393?
9
Calculate the remainder when 69215 is divided by 230.
215
What is the remainder when 16222 is divided by 413?
115
What is the remainder when 7536 is divided by 3637?
262
Calculate the remainder when 25676 is divided by 6418.
4
Calculate the remainder when 25231 is divided by 35.
31
What is the remainder when 40072 is divided by 20029?
14
What is the remainder when 2833 is divided by 74?
21
What is the remainder when 898968 is divided by 31?
30
Calculate the remainder when 55694 is divided by 1073.
971
What is the remainder when 880980 is divided by 201?
198
What is the remainder when 5164 is divided by 575?
564
What is the remainder when 13159 is divided by 99?
91
What is the remainder when 21706 is divided by 162?
160
Calculate the remainder when 3835 is divided by 3808.
27
What is the remainder when 3414 is divided by 243?
12
Calculate the remainder when 99745 is divided by 941.
940
Calculate the remainder when 87098 is divided by 236.
14
Calculate the remainder when 41422 is divided by 268.
150
What is the remainder when 3675 is divided by 1110?
345
What is the remainder when 1626 is divided by 507?
105
What is the remainder when 8707 is divided by 2833?
208
What is the remainder when 4745 is divided by 65?
0
Calculate the remainder when 8328 is divided by 1151.
271
Calculate the remainder when 32315 is divided by 6.
5
Calculate the remainder when 1427905 is divided by 2559.
2542
What is the remainder when 4669676 is divided by 291?
290
What is the remainder when 11095 is divided by 362?
235
Calculate the remainder when 282936 is divided by 1316.
1312
Calculate the remainder when 6229 is divided by 3028.
173
Calculate the remainder when 35824 is divided by 254.
10
What is the remainder when 3264 is divided by 40?
24
What is the remainder when 410087 is divided by 5126?
7
Calculate the remainder when 25990 is divided by 2599.
0
What is the remainder when 9449 is divided by 1066?
921
What is the remainder when 201820 is divided by 6?
4
Calculate the remainder when 1646578 is divided by 329314.
8
Calculate the remainder when 2172044 is divided by 8.
4
What is the remainder when 1538 is divided by 129?
119
Calculate the remainder when 2149161 is divided by 1145.
1141
What is the remainder when 260 is divided by 225?
35
What is the remainder when 447 is divided by 358?
89
What is the remainder when 9516 is divided by 195?
156
Calculate the remainder when 16924 is divided by 32.
28
Calculate the remainder when 4148 is divided by 12.
8
What is the remainder when 2705948 is divided by 905?
903
Calculate the remainder when 218902 is divided by 15635.
12
What is the remainder when 16409 is divided by 74?
55
Calculate the remainder when 1136 is divided by 246.
152
What is the remainder when 15761 is divided by 329?
298
What is the remainder when 1423 is divided by 1350?
73
What is the remainder when 36387 is divided by 118?
43
Calculate the remainder when 173053 is divided by 32.
29
What is the remainder when 59900 is divided by 37?
34
Calculate the remainder when 22945 is divided by 76.
69
Calculate the remainder when 289358 is divided by 16.
14
What is the remainder when 1755 is divided by 18?
9
Calculate the remainder when 41677 is divided by 484.
53
Calculate the remainder when 604 is divided by 146.
20
What is the remainder when 354 is divided by 72?
66
Calculate the remainder when 12818 is divided by 62.
46
Calculate the remainder when 200254 is divided by 200214.
40
What is the remainder when 3985 is divided by 3929?
56
What is the remainder when 168846 is divided by 21104?
14
Calculate the remainder when 2582 is divided by 87.
59
What is the remainder when 7563 is divided by 17?
15
Calculate the remainder when 100688 is divided by 709.
10
Calculate the remainder when 45337 is divided by 20.
17
Calculate the remainder when 332 is divided by 16.
12
What is the remainder when 2632 is divided by 616?
168
Calculate the remainder when 13199 is divided by 150.
149
What is the remainder when 5691 is divided by 121?
4
What is the remainder when 22380 is divided by 645?
450
What is the remainder when 707656 is divided by 205?
201
Calculate the remainder when 183040 is divided by 36607.
5
Calculate the remainder when 29428 is divided by 5879.
33
Calculate the remainder when 287318 is divided by 55.
53
What is the remainder when 390 is divided by 3?
0
What is the remainder when 94088 is divided by 28?
8
What is the remainder when 665 is divided by 488?
177
What is the remainder when 657802 is divided by 355?
342
Calculate the remainder when 10618 is divided by 3502.
112
What is the remainder when 267759 is divided by 32?
15
What is the remainder when 1889 is divided by 238?
223
Calculate the remainder when 570 is divided by 343.
227
What is the remainder when 5814 is divided by 455?
354
Calculate the remainder when 4196 is divided by 1397.
5
What is the remainder when 278590 is divided by 43?
36
What is the remainder when 764 is divided by 82?
26
What is the remainder when 13348 is divided by 4386?
190
Calculate the remainder when 1654153 is divided by 368.
361
What is the remainder when 269438 is divided by 67358?
6
What is the remainder when 91506 is divided by 13?
12
Calculate the remainder when 5962 is divided by 31.
10
Calculate the remainder when 12388 is divided by 15.
13
Calculate the remainder when 17204 is divided by 7.
5
Calculate the remainder when 7728 is divided by 12.
0
Calculate the remainder when 1151338 is divided by 181.
178
What is the remainder when 834 is divided by 52?
2
Calculate the remainder when 18682 is divided by 624.
586
Calculate the remainder when 51095 is divided by 538.
523
What is the remainder when 2477 is divided by 168?
125
Calculate the remainder when 31257 is divided by 12.
9
Calculate the remainder when 532673 is divided by 1380.
1373
Calculate the remainder when 18847 is divided by 304.
303
What is the remainder when 86015 is divided by 184?
87
What is the remainder when 52125 is divided by 7443?
24
Calculate the remainder when 123468 is divided by 544.
524
What is the remainder when 2827 is divided by 2775?
52
What is the remainder when 101100 is divided by 25265?
40
What is the remainder when 8427 is divided by 69?
9
Calculate the remainder when 11898 is divided by 855.
783
Calculate the remainder when 2949 is divided by 723.
57
What is the remainder when 963 is divided by 129?
60
Calculate the remainder when 2438 is divided by 143.
7
What is the remainder when 16735 is divided by 40?
15
Calculate the remainder when 14881 is divided by 146.
135
Calculate the remainder when 335046 is divided by 565.
1
Calculate the remainder when 52664 is divided by 230.
224
Calculate the remainder when 241254 is divided by 14.
6
Calculate the remainder when 12896 is divided by 23.
16
What is the remainder when 99565 is divided by 572?
37
Calculate the remainder when 2477 is divided by 8.
5
What is the remainder when 32069 is divided by 747?
695
What is the remainder when 37315 is divided by 7439?
120
Calculate the remainder when 22039 is divided by 5504.
23
What is the remainder when 14364 is divided by 4770?
54
Calculate the remainder when 1582 is divided by 310.
32
What is the remainder when 13321 is divided by 73?
35
Calculate the remainder when 6298 is divided by 75.
73
Calculate the remainder when 2990571 is divided by 575.
571
Calculate the remainder when 21454 is divided by 148.
142
Calculate the remainder when 67910 is divided by 154.
150
What is the remainder when 1563361 is divided by 9?
7
Calculate the remainder when 744012 is divided by 771.
768
Calculate the remainder when 13070 is divided by 1438.
128
What is the remainder when 2042 is divided by 654?
80
What is the remainder when 49919 is divided by 1164?
1031
Calculate the remainder when 1997720 is divided by 377.
374
Calculate the remainder when 10771 is divided by 1077.
1
What is the remainder when 10114 is divided by 3343?
85
What is the remainder when 634679 is divided by 78?
71
Calculate the remainder when 1330 is divided by 1